{"id":11809,"date":"2020-03-21T10:50:09","date_gmt":"2020-03-21T10:50:09","guid":{"rendered":"https:\/\/www.by-gloria.com\/versand__lieferung\/"},"modified":"2022-06-30T08:58:59","modified_gmt":"2022-06-30T06:58:59","slug":"versand__lieferung","status":"publish","type":"page","link":"https:\/\/www.derweinhauer.at\/shop\/versand__lieferung\/","title":{"rendered":"Versand &#038; Lieferung"},"content":{"rendered":"\t\t<div data-elementor-type=\"wp-page\" data-elementor-id=\"11809\" class=\"elementor elementor-11809\" data-elementor-post-type=\"page\">\n\t\t\t\t\t\t<section class=\"elementor-section elementor-top-section elementor-element elementor-element-6281cb0 elementor-section-boxed elementor-section-height-default elementor-section-height-default\" data-id=\"6281cb0\" data-element_type=\"section\" data-e-type=\"section\">\n\t\t\t\t\t\t<div class=\"elementor-container elementor-column-gap-default\">\n\t\t\t\t\t<div class=\"elementor-column elementor-col-100 elementor-top-column elementor-element elementor-element-49658a1\" data-id=\"49658a1\" data-element_type=\"column\" data-e-type=\"column\" data-settings=\"{&quot;background_background&quot;:&quot;classic&quot;}\">\n\t\t\t<div class=\"elementor-widget-wrap elementor-element-populated\">\n\t\t\t\t\t\t<div class=\"elementor-element elementor-element-32adbe3 elementor-widget elementor-widget-text-editor\" data-id=\"32adbe3\" data-element_type=\"widget\" data-e-type=\"widget\" data-widget_type=\"text-editor.default\">\n\t\t\t\t<div class=\"elementor-widget-container\">\n\t\t\t\t\t\t\t\t\t<\/br><\/br><h1 align=\"center\">Versand und Lieferung<\/h1><\/br>\n\n\n<strong>PREISE, VERSANDKOSTEN UND LIEFER- UND R\u00dcCKSENDEINFORMATIONEN<\/strong>\n<\/br>\n\nDie auf den Produktseiten genannten Preise enthalten die gesetzliche Mehrwertsteuer und sonstige Preisbestandteile. Wir liefern nur innerhalb\u00a0<strong>\u00d6sterreichs<\/strong>\u00a0und\u00a0<strong>Deutschlands <\/strong><span style=\"font-size: 16px; font-style: normal; font-weight: 400;\">(Andere L\u00e4nder nur auf Anfrage)<\/span><strong style=\"font-size: 16px;\">!<\/strong><span style=\"font-size: 16px;\">\u00a0<\/span>\n\n<\/br><\/br><strong>VERSANDGEB\u00dcHREN \u00d6STERREICH<\/strong><\/br>\n\nBei Lieferung mittels\u00a0 DPD-Paketdienst von 6 Flaschen \u20ac 6,00 , bei 12 Flaschen \u20ac 12,00, ab 18 Flaschen \u20ac 12,00. Ausgenommen sind Speditionslieferungen f\u00fcr\u00a0 sehr gro\u00dfe und schwere Lieferungen, f\u00fcr weiter Informationen Kontaktaufnahme erbeten.\n\n<\/br><\/br><strong>VERSANDGEB\u00dcHREN DEUTSCHLAND<\/strong><\/br>\n\nBei Lieferung mittels\u00a0 DPD-Paketdienst von 6 Flaschen \u20ac 6,00 , bei 12 Flaschen \u20ac 12,00, ab 18 Flaschen \u20ac 12,00. Ausgenommen sind Speditionslieferungen f\u00fcr\u00a0 sehr gro\u00dfe und schwere Lieferungen, f\u00fcr weiter Informationen Kontaktaufnahme erbeten.\n\n<\/br><\/br><strong>SONSTIGES<\/strong><\/br>\n\nLieferkosten werden nur einmal pro Bestellung in Rechnung gestellt. Falls bei einer Bestellung Artikel mit Standard- und Speditionslieferung bestellt werden, verrechnen wir nur die Speditionsgeb\u00fchr. Die Versandkosten werden Ihnen im Warenkorbsystem und auf der Bestellseite nochmals deutlich mitgeteilt.\n\nF\u00fcr eventuelle Datenfehler in unserem Onlineshop \u00fcbernehmen wir keine Haftung.\n\n<\/br><\/br><strong>SELBSTABHOLUNG<\/strong><\/br>\n\nAlle Bestellungen k\u00f6nnen auch selbst vor Ort (Knappenweg 2,\u00a0 A-8572 B\u00e4rnbach), nach Vereinbarung, abgeholt werden.\n\nKontaktieren Sie uns:\u00a0<span style=\"font-style: inherit; font-weight: inherit; font-family: var( --e-global-typography-text-font-family ), Sans-serif;\">office@derweinhauer.at, +43 664 3267419<\/span>\n\n<\/br><\/br><strong>LIEFERZEITEN<\/strong><\/br>\n\nDie Lieferzeiten betragen bei Standardversand ca. 3 \u2013 5 Werktage.\n\n<\/br><\/br>*************\n<\/br><\/br><h2><strong>R\u00dcCKSENDUNGEN<\/strong><\/h2>\n<strong>Die R\u00fccksendekosten sind von Ihnen zu tragen!<\/strong>\n<\/br><\/br><h2>WIE FUNKTIONIERT DIE R\u00dcCKSENDUNG?<\/h2>\nVerpacken Sie den Artikel wieder in der Originalverpackung und legen Sie eine Kopie des Lieferscheins bzw. der Rechnung bei.\n\n<\/br><\/br><strong>Ihre R\u00fcckgabe mit dem Versanddienstleister Ihrer Wahl<\/strong>\n<ul>\n \t<li>Lieferschein oder R\u00fccksendeschein ausdrucken<\/li>\n \t<li>Ware im Originalkarton verpacken, Lieferschein oder Rechnung hinzuf\u00fcgen<\/li>\n \t<li>Versanddienstleister w\u00e4hlen<\/li>\n \t<li>Paket ausreichend frankieren<\/li>\n \t<li>Versandbeleg aufbewahren<\/li>\n \t<li>Paket zur\u00fccksenden<\/li>\n<\/ul>\nAchtung: Unfreie Sendungen nehmen wir nicht an und werden direkt von DPD bzw. Ihrem Versanddienstleister an Sie zur\u00fcckgesandt. DPD berechnet hierf\u00fcr ein Strafporto in H\u00f6he von mindestens 15,00 EUR. Bei anderen Dienstleistern k\u00f6nnen h\u00f6here Kosten anfallen.\n\n<\/br><\/br><strong>Die R\u00fccksendekosten sind von Ihnen zu tragen!<\/strong><\/br>\n\nUnser Kundenservice ber\u00e4t Sie gern bei Fragen zum Widerrufsrecht und zur R\u00fcckgabe.\n\n<\/br>Kundenservice:<\/br>\n\noffice@derweinhauer.at<\/br>\n\n<span style=\"font-style: inherit; font-weight: inherit; font-family: var( --e-global-typography-text-font-family ), Sans-serif;\">+43 664 3267419<\/span>\n\n<\/div>\t\t\t\t\t\t\t\t<\/div>\n\t\t\t\t<\/div>\n\t\t\t\t\t<\/div>\n\t\t<\/div>\n\t\t\t\t\t<\/div>\n\t\t<\/section>\n\t\t\t\t<\/div>\n\t\t","protected":false},"excerpt":{"rendered":"<p>Versand und Lieferung PREISE, VERSANDKOSTEN UND LIEFER- UND R\u00dcCKSENDEINFORMATIONEN Die auf den Produktseiten genannten Preise enthalten die gesetzliche Mehrwertsteuer und sonstige Preisbestandteile. Wir liefern nur innerhalb\u00a0\u00d6sterreichs\u00a0und\u00a0Deutschlands (Andere L\u00e4nder nur auf Anfrage)!\u00a0 VERSANDGEB\u00dcHREN \u00d6STERREICH Bei Lieferung mittels\u00a0 DPD-Paketdienst von 6 Flaschen \u20ac 6,00 , bei 12 Flaschen \u20ac 12,00, ab 18 Flaschen \u20ac 12,00. Ausgenommen sind [&hellip;]<\/p>\n","protected":false},"author":48,"featured_media":0,"parent":0,"menu_order":0,"comment_status":"closed","ping_status":"closed","template":"","meta":{"site-sidebar-layout":"no-sidebar","site-content-layout":"page-builder","ast-site-content-layout":"","site-content-style":"default","site-sidebar-style":"default","ast-global-header-display":"","ast-banner-title-visibility":"","ast-main-header-display":"","ast-hfb-above-header-display":"","ast-hfb-below-header-display":"","ast-hfb-mobile-header-display":"","site-post-title":"disabled","ast-breadcrumbs-content":"","ast-featured-img":"disabled","footer-sml-layout":"","theme-transparent-header-meta":"default","adv-header-id-meta":"","stick-header-meta":"","header-above-stick-meta":"","header-main-stick-meta":"","header-below-stick-meta":"","astra-migrate-meta-layouts":"default","ast-page-background-enabled":"default","ast-page-background-meta":{"desktop":{"background-color":"","background-image":"","background-repeat":"repeat","background-position":"center center","background-size":"auto","background-attachment":"scroll","background-type":"","background-media":"","overlay-type":"","overlay-color":"","overlay-opacity":"","overlay-gradient":""},"tablet":{"background-color":"","background-image":"","background-repeat":"repeat","background-position":"center center","background-size":"auto","background-attachment":"scroll","background-type":"","background-media":"","overlay-type":"","overlay-color":"","overlay-opacity":"","overlay-gradient":""},"mobile":{"background-color":"","background-image":"","background-repeat":"repeat","background-position":"center center","background-size":"auto","background-attachment":"scroll","background-type":"","background-media":"","overlay-type":"","overlay-color":"","overlay-opacity":"","overlay-gradient":""}},"ast-content-background-meta":{"desktop":{"background-color":"var(--ast-global-color-5)","background-image":"","background-repeat":"repeat","background-position":"center center","background-size":"auto","background-attachment":"scroll","background-type":"","background-media":"","overlay-type":"","overlay-color":"","overlay-opacity":"","overlay-gradient":""},"tablet":{"background-color":"var(--ast-global-color-5)","background-image":"","background-repeat":"repeat","background-position":"center center","background-size":"auto","background-attachment":"scroll","background-type":"","background-media":"","overlay-type":"","overlay-color":"","overlay-opacity":"","overlay-gradient":""},"mobile":{"background-color":"var(--ast-global-color-5)","background-image":"","background-repeat":"repeat","background-position":"center center","background-size":"auto","background-attachment":"scroll","background-type":"","background-media":"","overlay-type":"","overlay-color":"","overlay-opacity":"","overlay-gradient":""}},"footnotes":""},"class_list":["post-11809","page","type-page","status-publish","hentry"],"yoast_head":"<!-- This site is optimized with the Yoast SEO plugin v24.2 - https:\/\/yoast.com\/wordpress\/plugins\/seo\/ -->\n<title>Versand &amp; Lieferung - der Weinhauer<\/title>\n<meta name=\"robots\" content=\"noindex, follow\" \/>\n<meta property=\"og:locale\" content=\"de_DE\" \/>\n<meta property=\"og:type\" content=\"article\" \/>\n<meta property=\"og:title\" content=\"Versand &amp; Lieferung - der Weinhauer\" \/>\n<meta property=\"og:description\" content=\"Versand und Lieferung PREISE, VERSANDKOSTEN UND LIEFER- UND R\u00dcCKSENDEINFORMATIONEN Die auf den Produktseiten genannten Preise enthalten die gesetzliche Mehrwertsteuer und sonstige Preisbestandteile. Wir liefern nur innerhalb\u00a0\u00d6sterreichs\u00a0und\u00a0Deutschlands (Andere L\u00e4nder nur auf Anfrage)!\u00a0 VERSANDGEB\u00dcHREN \u00d6STERREICH Bei Lieferung mittels\u00a0 DPD-Paketdienst von 6 Flaschen \u20ac 6,00 , bei 12 Flaschen \u20ac 12,00, ab 18 Flaschen \u20ac 12,00. Ausgenommen sind [&hellip;]\" \/>\n<meta property=\"og:url\" content=\"https:\/\/www.derweinhauer.at\/shop\/versand__lieferung\/\" \/>\n<meta property=\"og:site_name\" content=\"der Weinhauer\" \/>\n<meta property=\"article:publisher\" content=\"https:\/\/www.facebook.com\/derweinhauer\" \/>\n<meta property=\"article:modified_time\" content=\"2022-06-30T06:58:59+00:00\" \/>\n<meta name=\"twitter:card\" content=\"summary_large_image\" \/>\n<meta name=\"twitter:label1\" content=\"Gesch\u00e4tzte Lesezeit\" \/>\n\t<meta name=\"twitter:data1\" content=\"2\u00a0Minuten\" \/>\n<script type=\"application\/ld+json\" class=\"yoast-schema-graph\">{\"@context\":\"https:\/\/schema.org\",\"@graph\":[{\"@type\":\"WebPage\",\"@id\":\"https:\/\/www.derweinhauer.at\/shop\/versand__lieferung\/\",\"url\":\"https:\/\/www.derweinhauer.at\/shop\/versand__lieferung\/\",\"name\":\"Versand & Lieferung - der Weinhauer\",\"isPartOf\":{\"@id\":\"https:\/\/www.derweinhauer.at\/shop\/#website\"},\"datePublished\":\"2020-03-21T10:50:09+00:00\",\"dateModified\":\"2022-06-30T06:58:59+00:00\",\"breadcrumb\":{\"@id\":\"https:\/\/www.derweinhauer.at\/shop\/versand__lieferung\/#breadcrumb\"},\"inLanguage\":\"de\",\"potentialAction\":[{\"@type\":\"ReadAction\",\"target\":[\"https:\/\/www.derweinhauer.at\/shop\/versand__lieferung\/\"]}]},{\"@type\":\"BreadcrumbList\",\"@id\":\"https:\/\/www.derweinhauer.at\/shop\/versand__lieferung\/#breadcrumb\",\"itemListElement\":[{\"@type\":\"ListItem\",\"position\":1,\"name\":\"Home\",\"item\":\"https:\/\/www.derweinhauer.at\/shop\/\"},{\"@type\":\"ListItem\",\"position\":2,\"name\":\"Versand &#038; Lieferung\"}]},{\"@type\":\"WebSite\",\"@id\":\"https:\/\/www.derweinhauer.at\/shop\/#website\",\"url\":\"https:\/\/www.derweinhauer.at\/shop\/\",\"name\":\"der Weinhauer\",\"description\":\"Collio.Karst.Steiermark\",\"publisher\":{\"@id\":\"https:\/\/www.derweinhauer.at\/shop\/#organization\"},\"potentialAction\":[{\"@type\":\"SearchAction\",\"target\":{\"@type\":\"EntryPoint\",\"urlTemplate\":\"https:\/\/www.derweinhauer.at\/shop\/?s={search_term_string}\"},\"query-input\":{\"@type\":\"PropertyValueSpecification\",\"valueRequired\":true,\"valueName\":\"search_term_string\"}}],\"inLanguage\":\"de\"},{\"@type\":\"Organization\",\"@id\":\"https:\/\/www.derweinhauer.at\/shop\/#organization\",\"name\":\"der Weinhauer\",\"url\":\"https:\/\/www.derweinhauer.at\/shop\/\",\"logo\":{\"@type\":\"ImageObject\",\"inLanguage\":\"de\",\"@id\":\"https:\/\/www.derweinhauer.at\/shop\/#\/schema\/logo\/image\/\",\"url\":\"https:\/\/www.derweinhauer.at\/shop\/wp-content\/uploads\/2020\/02\/logo_der_weinhauer5.png\",\"contentUrl\":\"https:\/\/www.derweinhauer.at\/shop\/wp-content\/uploads\/2020\/02\/logo_der_weinhauer5.png\",\"width\":3508,\"height\":2480,\"caption\":\"der Weinhauer\"},\"image\":{\"@id\":\"https:\/\/www.derweinhauer.at\/shop\/#\/schema\/logo\/image\/\"},\"sameAs\":[\"https:\/\/www.facebook.com\/derweinhauer\"]}]}<\/script>\n<!-- \/ Yoast SEO plugin. -->","yoast_head_json":{"title":"Versand & Lieferung - der Weinhauer","robots":{"index":"noindex","follow":"follow"},"og_locale":"de_DE","og_type":"article","og_title":"Versand & Lieferung - der Weinhauer","og_description":"Versand und Lieferung PREISE, VERSANDKOSTEN UND LIEFER- UND R\u00dcCKSENDEINFORMATIONEN Die auf den Produktseiten genannten Preise enthalten die gesetzliche Mehrwertsteuer und sonstige Preisbestandteile. Wir liefern nur innerhalb\u00a0\u00d6sterreichs\u00a0und\u00a0Deutschlands (Andere L\u00e4nder nur auf Anfrage)!\u00a0 VERSANDGEB\u00dcHREN \u00d6STERREICH Bei Lieferung mittels\u00a0 DPD-Paketdienst von 6 Flaschen \u20ac 6,00 , bei 12 Flaschen \u20ac 12,00, ab 18 Flaschen \u20ac 12,00. Ausgenommen sind [&hellip;]","og_url":"https:\/\/www.derweinhauer.at\/shop\/versand__lieferung\/","og_site_name":"der Weinhauer","article_publisher":"https:\/\/www.facebook.com\/derweinhauer","article_modified_time":"2022-06-30T06:58:59+00:00","twitter_card":"summary_large_image","twitter_misc":{"Gesch\u00e4tzte Lesezeit":"2\u00a0Minuten"},"schema":{"@context":"https:\/\/schema.org","@graph":[{"@type":"WebPage","@id":"https:\/\/www.derweinhauer.at\/shop\/versand__lieferung\/","url":"https:\/\/www.derweinhauer.at\/shop\/versand__lieferung\/","name":"Versand & Lieferung - der Weinhauer","isPartOf":{"@id":"https:\/\/www.derweinhauer.at\/shop\/#website"},"datePublished":"2020-03-21T10:50:09+00:00","dateModified":"2022-06-30T06:58:59+00:00","breadcrumb":{"@id":"https:\/\/www.derweinhauer.at\/shop\/versand__lieferung\/#breadcrumb"},"inLanguage":"de","potentialAction":[{"@type":"ReadAction","target":["https:\/\/www.derweinhauer.at\/shop\/versand__lieferung\/"]}]},{"@type":"BreadcrumbList","@id":"https:\/\/www.derweinhauer.at\/shop\/versand__lieferung\/#breadcrumb","itemListElement":[{"@type":"ListItem","position":1,"name":"Home","item":"https:\/\/www.derweinhauer.at\/shop\/"},{"@type":"ListItem","position":2,"name":"Versand &#038; Lieferung"}]},{"@type":"WebSite","@id":"https:\/\/www.derweinhauer.at\/shop\/#website","url":"https:\/\/www.derweinhauer.at\/shop\/","name":"der Weinhauer","description":"Collio.Karst.Steiermark","publisher":{"@id":"https:\/\/www.derweinhauer.at\/shop\/#organization"},"potentialAction":[{"@type":"SearchAction","target":{"@type":"EntryPoint","urlTemplate":"https:\/\/www.derweinhauer.at\/shop\/?s={search_term_string}"},"query-input":{"@type":"PropertyValueSpecification","valueRequired":true,"valueName":"search_term_string"}}],"inLanguage":"de"},{"@type":"Organization","@id":"https:\/\/www.derweinhauer.at\/shop\/#organization","name":"der Weinhauer","url":"https:\/\/www.derweinhauer.at\/shop\/","logo":{"@type":"ImageObject","inLanguage":"de","@id":"https:\/\/www.derweinhauer.at\/shop\/#\/schema\/logo\/image\/","url":"https:\/\/www.derweinhauer.at\/shop\/wp-content\/uploads\/2020\/02\/logo_der_weinhauer5.png","contentUrl":"https:\/\/www.derweinhauer.at\/shop\/wp-content\/uploads\/2020\/02\/logo_der_weinhauer5.png","width":3508,"height":2480,"caption":"der Weinhauer"},"image":{"@id":"https:\/\/www.derweinhauer.at\/shop\/#\/schema\/logo\/image\/"},"sameAs":["https:\/\/www.facebook.com\/derweinhauer"]}]}},"_links":{"self":[{"href":"https:\/\/www.derweinhauer.at\/shop\/wp-json\/wp\/v2\/pages\/11809","targetHints":{"allow":["GET"]}}],"collection":[{"href":"https:\/\/www.derweinhauer.at\/shop\/wp-json\/wp\/v2\/pages"}],"about":[{"href":"https:\/\/www.derweinhauer.at\/shop\/wp-json\/wp\/v2\/types\/page"}],"author":[{"embeddable":true,"href":"https:\/\/www.derweinhauer.at\/shop\/wp-json\/wp\/v2\/users\/48"}],"replies":[{"embeddable":true,"href":"https:\/\/www.derweinhauer.at\/shop\/wp-json\/wp\/v2\/comments?post=11809"}],"version-history":[{"count":0,"href":"https:\/\/www.derweinhauer.at\/shop\/wp-json\/wp\/v2\/pages\/11809\/revisions"}],"wp:attachment":[{"href":"https:\/\/www.derweinhauer.at\/shop\/wp-json\/wp\/v2\/media?parent=11809"}],"curies":[{"name":"wp","href":"https:\/\/api.w.org\/{rel}","templated":true}]}}