{"id":21167,"date":"2025-06-23T09:33:08","date_gmt":"2025-06-23T07:33:08","guid":{"rendered":"https:\/\/www.derweinhauer.at\/shop\/?post_type=product&#038;p=21167"},"modified":"2025-12-15T18:17:27","modified_gmt":"2025-12-15T16:17:27","slug":"frankovic-malvazija","status":"publish","type":"product","link":"https:\/\/www.derweinhauer.at\/shop\/produkt\/weinbaugebiet\/istria\/frankovic-malvazija\/","title":{"rendered":"Frankovic &#8211; Malvazija"},"content":{"rendered":"<h2><span style=\"color: #333333;\">Malvazija \u2013 Istarska<\/span><\/h2>\n<p>&#8230;ein au\u00dfergew\u00f6hnlicher Wein, der Duft ist dezent und angenehm und im Glas verf\u00fchrerisch verspielt. Zitrusfr\u00fcchte, eine Note Pfirsich und Ananas, gefolgt vom klassischen Malvazija-Duft, der an Akazienbl\u00fcten erinnert.<br \/>\nAlkohol: 13 % vol\u00a0 \u00a0 \u00a0 \u00a0 \u00a0 \u00a0 \u00a0Zuckergehalt: 1,2 g\/l\u00a0 \u00a0 \u00a0 \u00a0 \u00a0Gesamts\u00e4ure: 5,2 g\/l\u00a0 \u00a0 \u00a0 \u00a0 \u00a0 Trinktemperatur: 10 bis 12 C.<\/p>\n<p><strong>Merkmale<\/strong><br \/>\nLand: Kroatien<br \/>\nWeinbaugebiet: Istria<br \/>\nHersteller: Frankovic<br \/>\nSorte: Malvasia<br \/>\nTyp: Wei\u00dfwein<br \/>\nEmpfehlung:<br \/>\nInhalt: 0,75 l<\/p>\n<p>&nbsp;<\/p>\n<p><a href=\"https:\/\/dl.derweinhauer.at\/frankovic_malvazija.pdf\">&gt; mehr Details zum Wein<\/a><\/p>\n<p>&nbsp;<\/p>\n<p>&nbsp;<\/p>\n","protected":false},"excerpt":{"rendered":"<p>Malvazija \u2013 Istarska &#8230;ein au\u00dfergew\u00f6hnlicher Wein, der Duft ist dezent und angenehm und im Glas verf\u00fchrerisch verspielt. Zitrusfr\u00fcchte, eine Note Pfirsich und Ananas, gefolgt vom klassischen Malvazija-Duft, der an Akazienbl\u00fcten erinnert. Alkohol: 13 % vol\u00a0 \u00a0 \u00a0 \u00a0 \u00a0 \u00a0 \u00a0Zuckergehalt: 1,2 g\/l\u00a0 \u00a0 \u00a0 \u00a0 \u00a0Gesamts\u00e4ure: 5,2 g\/l\u00a0 \u00a0 \u00a0 \u00a0 \u00a0 Trinktemperatur: 10 [&hellip;]<\/p>\n","protected":false},"featured_media":21168,"template":"","meta":{"site-sidebar-layout":"default","site-content-layout":"default","ast-site-content-layout":"default","site-content-style":"default","site-sidebar-style":"default","ast-global-header-display":"","ast-banner-title-visibility":"","ast-main-header-display":"","ast-hfb-above-header-display":"","ast-hfb-below-header-display":"","ast-hfb-mobile-header-display":"","site-post-title":"","ast-breadcrumbs-content":"","ast-featured-img":"","footer-sml-layout":"","theme-transparent-header-meta":"default","adv-header-id-meta":"","stick-header-meta":"default","header-above-stick-meta":"","header-main-stick-meta":"","header-below-stick-meta":"","astra-migrate-meta-layouts":"set","ast-page-background-enabled":"default","ast-page-background-meta":{"desktop":{"background-color":"","background-image":"","background-repeat":"repeat","background-position":"center center","background-size":"auto","background-attachment":"scroll","background-type":"","background-media":"","overlay-type":"","overlay-color":"","overlay-opacity":"","overlay-gradient":""},"tablet":{"background-color":"","background-image":"","background-repeat":"repeat","background-position":"center center","background-size":"auto","background-attachment":"scroll","background-type":"","background-media":"","overlay-type":"","overlay-color":"","overlay-opacity":"","overlay-gradient":""},"mobile":{"background-color":"","background-image":"","background-repeat":"repeat","background-position":"center center","background-size":"auto","background-attachment":"scroll","background-type":"","background-media":"","overlay-type":"","overlay-color":"","overlay-opacity":"","overlay-gradient":""}},"ast-content-background-meta":{"desktop":{"background-color":"var(--ast-global-color-5)","background-image":"","background-repeat":"repeat","background-position":"center center","background-size":"auto","background-attachment":"scroll","background-type":"","background-media":"","overlay-type":"","overlay-color":"","overlay-opacity":"","overlay-gradient":""},"tablet":{"background-color":"var(--ast-global-color-5)","background-image":"","background-repeat":"repeat","background-position":"center center","background-size":"auto","background-attachment":"scroll","background-type":"","background-media":"","overlay-type":"","overlay-color":"","overlay-opacity":"","overlay-gradient":""},"mobile":{"background-color":"var(--ast-global-color-5)","background-image":"","background-repeat":"repeat","background-position":"center center","background-size":"auto","background-attachment":"scroll","background-type":"","background-media":"","overlay-type":"","overlay-color":"","overlay-opacity":"","overlay-gradient":""}}},"product_cat":[535,536,460,473],"product_tag":[],"class_list":{"0":"post-21167","1":"product","2":"type-product","3":"status-publish","4":"has-post-thumbnail","6":"product_cat-istria","7":"product_cat-frankovic","8":"product_cat-weisswein","9":"product_cat-malvasia","10":"align-center","11":"box-shadow-2","12":"box-shadow-5-hover","13":"ast-product-gallery-layout-horizontal","14":"ast-product-gallery-with-no-image","15":"ast-product-tabs-layout-vertical","17":"first","18":"instock","19":"taxable","20":"shipping-taxable","21":"purchasable","22":"product-type-simple","23":"add-to-wishlist-before_image"},"yoast_head":"<!-- This site is optimized with the Yoast SEO plugin v24.2 - https:\/\/yoast.com\/wordpress\/plugins\/seo\/ -->\n<title>Frankovic - Malvazija - der Weinhauer<\/title>\n<meta name=\"robots\" content=\"index, follow, max-snippet:-1, max-image-preview:large, max-video-preview:-1\" \/>\n<link rel=\"canonical\" href=\"https:\/\/www.derweinhauer.at\/shop\/produkt\/weinbaugebiet\/istria\/frankovic-malvazija\/\" \/>\n<meta property=\"og:locale\" content=\"de_DE\" \/>\n<meta property=\"og:type\" content=\"article\" \/>\n<meta property=\"og:title\" content=\"Frankovic - Malvazija - der Weinhauer\" \/>\n<meta property=\"og:description\" content=\"Malvazija \u2013 Istarska &#8230;ein au\u00dfergew\u00f6hnlicher Wein, der Duft ist dezent und angenehm und im Glas verf\u00fchrerisch verspielt. Zitrusfr\u00fcchte, eine Note Pfirsich und Ananas, gefolgt vom klassischen Malvazija-Duft, der an Akazienbl\u00fcten erinnert. Alkohol: 13 % vol\u00a0 \u00a0 \u00a0 \u00a0 \u00a0 \u00a0 \u00a0Zuckergehalt: 1,2 g\/l\u00a0 \u00a0 \u00a0 \u00a0 \u00a0Gesamts\u00e4ure: 5,2 g\/l\u00a0 \u00a0 \u00a0 \u00a0 \u00a0 Trinktemperatur: 10 [&hellip;]\" \/>\n<meta property=\"og:url\" content=\"https:\/\/www.derweinhauer.at\/shop\/produkt\/weinbaugebiet\/istria\/frankovic-malvazija\/\" \/>\n<meta property=\"og:site_name\" content=\"der Weinhauer\" \/>\n<meta property=\"article:publisher\" content=\"https:\/\/www.facebook.com\/derweinhauer\" \/>\n<meta property=\"article:modified_time\" content=\"2025-12-15T16:17:27+00:00\" \/>\n<meta property=\"og:image\" content=\"https:\/\/www.derweinhauer.at\/shop\/wp-content\/uploads\/2025\/06\/20250604_084900-scaled-e1750667062707.jpg\" \/>\n\t<meta property=\"og:image:width\" content=\"200\" \/>\n\t<meta property=\"og:image:height\" content=\"801\" \/>\n\t<meta property=\"og:image:type\" content=\"image\/jpeg\" \/>\n<meta name=\"twitter:card\" content=\"summary_large_image\" \/>\n<meta name=\"twitter:label1\" content=\"Gesch\u00e4tzte Lesezeit\" \/>\n\t<meta name=\"twitter:data1\" content=\"1\u00a0Minute\" \/>\n<script type=\"application\/ld+json\" class=\"yoast-schema-graph\">{\"@context\":\"https:\/\/schema.org\",\"@graph\":[{\"@type\":\"WebPage\",\"@id\":\"https:\/\/www.derweinhauer.at\/shop\/produkt\/weinbaugebiet\/istria\/frankovic-malvazija\/\",\"url\":\"https:\/\/www.derweinhauer.at\/shop\/produkt\/weinbaugebiet\/istria\/frankovic-malvazija\/\",\"name\":\"Frankovic - Malvazija - der Weinhauer\",\"isPartOf\":{\"@id\":\"https:\/\/www.derweinhauer.at\/shop\/#website\"},\"primaryImageOfPage\":{\"@id\":\"https:\/\/www.derweinhauer.at\/shop\/produkt\/weinbaugebiet\/istria\/frankovic-malvazija\/#primaryimage\"},\"image\":{\"@id\":\"https:\/\/www.derweinhauer.at\/shop\/produkt\/weinbaugebiet\/istria\/frankovic-malvazija\/#primaryimage\"},\"thumbnailUrl\":\"https:\/\/www.derweinhauer.at\/shop\/wp-content\/uploads\/2025\/06\/20250604_084900-scaled-e1750667062707.jpg\",\"datePublished\":\"2025-06-23T07:33:08+00:00\",\"dateModified\":\"2025-12-15T16:17:27+00:00\",\"breadcrumb\":{\"@id\":\"https:\/\/www.derweinhauer.at\/shop\/produkt\/weinbaugebiet\/istria\/frankovic-malvazija\/#breadcrumb\"},\"inLanguage\":\"de\",\"potentialAction\":[{\"@type\":\"ReadAction\",\"target\":[\"https:\/\/www.derweinhauer.at\/shop\/produkt\/weinbaugebiet\/istria\/frankovic-malvazija\/\"]}]},{\"@type\":\"ImageObject\",\"inLanguage\":\"de\",\"@id\":\"https:\/\/www.derweinhauer.at\/shop\/produkt\/weinbaugebiet\/istria\/frankovic-malvazija\/#primaryimage\",\"url\":\"https:\/\/www.derweinhauer.at\/shop\/wp-content\/uploads\/2025\/06\/20250604_084900-scaled-e1750667062707.jpg\",\"contentUrl\":\"https:\/\/www.derweinhauer.at\/shop\/wp-content\/uploads\/2025\/06\/20250604_084900-scaled-e1750667062707.jpg\",\"width\":200,\"height\":801},{\"@type\":\"BreadcrumbList\",\"@id\":\"https:\/\/www.derweinhauer.at\/shop\/produkt\/weinbaugebiet\/istria\/frankovic-malvazija\/#breadcrumb\",\"itemListElement\":[{\"@type\":\"ListItem\",\"position\":1,\"name\":\"Home\",\"item\":\"https:\/\/www.derweinhauer.at\/shop\/\"},{\"@type\":\"ListItem\",\"position\":2,\"name\":\"SHOP\",\"item\":\"https:\/\/www.derweinhauer.at\/shop\/\"},{\"@type\":\"ListItem\",\"position\":3,\"name\":\"Frankovic &#8211; Malvazija\"}]},{\"@type\":\"WebSite\",\"@id\":\"https:\/\/www.derweinhauer.at\/shop\/#website\",\"url\":\"https:\/\/www.derweinhauer.at\/shop\/\",\"name\":\"der Weinhauer\",\"description\":\"Collio.Karst.Steiermark\",\"publisher\":{\"@id\":\"https:\/\/www.derweinhauer.at\/shop\/#organization\"},\"potentialAction\":[{\"@type\":\"SearchAction\",\"target\":{\"@type\":\"EntryPoint\",\"urlTemplate\":\"https:\/\/www.derweinhauer.at\/shop\/?s={search_term_string}\"},\"query-input\":{\"@type\":\"PropertyValueSpecification\",\"valueRequired\":true,\"valueName\":\"search_term_string\"}}],\"inLanguage\":\"de\"},{\"@type\":\"Organization\",\"@id\":\"https:\/\/www.derweinhauer.at\/shop\/#organization\",\"name\":\"der Weinhauer\",\"url\":\"https:\/\/www.derweinhauer.at\/shop\/\",\"logo\":{\"@type\":\"ImageObject\",\"inLanguage\":\"de\",\"@id\":\"https:\/\/www.derweinhauer.at\/shop\/#\/schema\/logo\/image\/\",\"url\":\"https:\/\/www.derweinhauer.at\/shop\/wp-content\/uploads\/2020\/02\/logo_der_weinhauer5.png\",\"contentUrl\":\"https:\/\/www.derweinhauer.at\/shop\/wp-content\/uploads\/2020\/02\/logo_der_weinhauer5.png\",\"width\":3508,\"height\":2480,\"caption\":\"der Weinhauer\"},\"image\":{\"@id\":\"https:\/\/www.derweinhauer.at\/shop\/#\/schema\/logo\/image\/\"},\"sameAs\":[\"https:\/\/www.facebook.com\/derweinhauer\"]}]}<\/script>\n<!-- \/ Yoast SEO plugin. -->","yoast_head_json":{"title":"Frankovic - Malvazija - der Weinhauer","robots":{"index":"index","follow":"follow","max-snippet":"max-snippet:-1","max-image-preview":"max-image-preview:large","max-video-preview":"max-video-preview:-1"},"canonical":"https:\/\/www.derweinhauer.at\/shop\/produkt\/weinbaugebiet\/istria\/frankovic-malvazija\/","og_locale":"de_DE","og_type":"article","og_title":"Frankovic - Malvazija - der Weinhauer","og_description":"Malvazija \u2013 Istarska &#8230;ein au\u00dfergew\u00f6hnlicher Wein, der Duft ist dezent und angenehm und im Glas verf\u00fchrerisch verspielt. Zitrusfr\u00fcchte, eine Note Pfirsich und Ananas, gefolgt vom klassischen Malvazija-Duft, der an Akazienbl\u00fcten erinnert. Alkohol: 13 % vol\u00a0 \u00a0 \u00a0 \u00a0 \u00a0 \u00a0 \u00a0Zuckergehalt: 1,2 g\/l\u00a0 \u00a0 \u00a0 \u00a0 \u00a0Gesamts\u00e4ure: 5,2 g\/l\u00a0 \u00a0 \u00a0 \u00a0 \u00a0 Trinktemperatur: 10 [&hellip;]","og_url":"https:\/\/www.derweinhauer.at\/shop\/produkt\/weinbaugebiet\/istria\/frankovic-malvazija\/","og_site_name":"der Weinhauer","article_publisher":"https:\/\/www.facebook.com\/derweinhauer","article_modified_time":"2025-12-15T16:17:27+00:00","og_image":[{"width":200,"height":801,"url":"https:\/\/www.derweinhauer.at\/shop\/wp-content\/uploads\/2025\/06\/20250604_084900-scaled-e1750667062707.jpg","type":"image\/jpeg"}],"twitter_card":"summary_large_image","twitter_misc":{"Gesch\u00e4tzte Lesezeit":"1\u00a0Minute"},"schema":{"@context":"https:\/\/schema.org","@graph":[{"@type":"WebPage","@id":"https:\/\/www.derweinhauer.at\/shop\/produkt\/weinbaugebiet\/istria\/frankovic-malvazija\/","url":"https:\/\/www.derweinhauer.at\/shop\/produkt\/weinbaugebiet\/istria\/frankovic-malvazija\/","name":"Frankovic - Malvazija - der Weinhauer","isPartOf":{"@id":"https:\/\/www.derweinhauer.at\/shop\/#website"},"primaryImageOfPage":{"@id":"https:\/\/www.derweinhauer.at\/shop\/produkt\/weinbaugebiet\/istria\/frankovic-malvazija\/#primaryimage"},"image":{"@id":"https:\/\/www.derweinhauer.at\/shop\/produkt\/weinbaugebiet\/istria\/frankovic-malvazija\/#primaryimage"},"thumbnailUrl":"https:\/\/www.derweinhauer.at\/shop\/wp-content\/uploads\/2025\/06\/20250604_084900-scaled-e1750667062707.jpg","datePublished":"2025-06-23T07:33:08+00:00","dateModified":"2025-12-15T16:17:27+00:00","breadcrumb":{"@id":"https:\/\/www.derweinhauer.at\/shop\/produkt\/weinbaugebiet\/istria\/frankovic-malvazija\/#breadcrumb"},"inLanguage":"de","potentialAction":[{"@type":"ReadAction","target":["https:\/\/www.derweinhauer.at\/shop\/produkt\/weinbaugebiet\/istria\/frankovic-malvazija\/"]}]},{"@type":"ImageObject","inLanguage":"de","@id":"https:\/\/www.derweinhauer.at\/shop\/produkt\/weinbaugebiet\/istria\/frankovic-malvazija\/#primaryimage","url":"https:\/\/www.derweinhauer.at\/shop\/wp-content\/uploads\/2025\/06\/20250604_084900-scaled-e1750667062707.jpg","contentUrl":"https:\/\/www.derweinhauer.at\/shop\/wp-content\/uploads\/2025\/06\/20250604_084900-scaled-e1750667062707.jpg","width":200,"height":801},{"@type":"BreadcrumbList","@id":"https:\/\/www.derweinhauer.at\/shop\/produkt\/weinbaugebiet\/istria\/frankovic-malvazija\/#breadcrumb","itemListElement":[{"@type":"ListItem","position":1,"name":"Home","item":"https:\/\/www.derweinhauer.at\/shop\/"},{"@type":"ListItem","position":2,"name":"SHOP","item":"https:\/\/www.derweinhauer.at\/shop\/"},{"@type":"ListItem","position":3,"name":"Frankovic &#8211; Malvazija"}]},{"@type":"WebSite","@id":"https:\/\/www.derweinhauer.at\/shop\/#website","url":"https:\/\/www.derweinhauer.at\/shop\/","name":"der Weinhauer","description":"Collio.Karst.Steiermark","publisher":{"@id":"https:\/\/www.derweinhauer.at\/shop\/#organization"},"potentialAction":[{"@type":"SearchAction","target":{"@type":"EntryPoint","urlTemplate":"https:\/\/www.derweinhauer.at\/shop\/?s={search_term_string}"},"query-input":{"@type":"PropertyValueSpecification","valueRequired":true,"valueName":"search_term_string"}}],"inLanguage":"de"},{"@type":"Organization","@id":"https:\/\/www.derweinhauer.at\/shop\/#organization","name":"der Weinhauer","url":"https:\/\/www.derweinhauer.at\/shop\/","logo":{"@type":"ImageObject","inLanguage":"de","@id":"https:\/\/www.derweinhauer.at\/shop\/#\/schema\/logo\/image\/","url":"https:\/\/www.derweinhauer.at\/shop\/wp-content\/uploads\/2020\/02\/logo_der_weinhauer5.png","contentUrl":"https:\/\/www.derweinhauer.at\/shop\/wp-content\/uploads\/2020\/02\/logo_der_weinhauer5.png","width":3508,"height":2480,"caption":"der Weinhauer"},"image":{"@id":"https:\/\/www.derweinhauer.at\/shop\/#\/schema\/logo\/image\/"},"sameAs":["https:\/\/www.facebook.com\/derweinhauer"]}]}},"_links":{"self":[{"href":"https:\/\/www.derweinhauer.at\/shop\/wp-json\/wp\/v2\/product\/21167","targetHints":{"allow":["GET"]}}],"collection":[{"href":"https:\/\/www.derweinhauer.at\/shop\/wp-json\/wp\/v2\/product"}],"about":[{"href":"https:\/\/www.derweinhauer.at\/shop\/wp-json\/wp\/v2\/types\/product"}],"wp:featuredmedia":[{"embeddable":true,"href":"https:\/\/www.derweinhauer.at\/shop\/wp-json\/wp\/v2\/media\/21168"}],"wp:attachment":[{"href":"https:\/\/www.derweinhauer.at\/shop\/wp-json\/wp\/v2\/media?parent=21167"}],"wp:term":[{"taxonomy":"product_cat","embeddable":true,"href":"https:\/\/www.derweinhauer.at\/shop\/wp-json\/wp\/v2\/product_cat?post=21167"},{"taxonomy":"product_tag","embeddable":true,"href":"https:\/\/www.derweinhauer.at\/shop\/wp-json\/wp\/v2\/product_tag?post=21167"}],"curies":[{"name":"wp","href":"https:\/\/api.w.org\/{rel}","templated":true}]}}